{"id":2,"date":"2021-12-30T17:59:34","date_gmt":"2021-12-30T16:59:34","guid":{"rendered":"http:\/\/grhandi-ose.fr\/?page_id=2"},"modified":"2021-12-30T18:33:04","modified_gmt":"2021-12-30T17:33:04","slug":"page-d-exemple","status":"publish","type":"page","link":"https:\/\/grhandi-ose.fr\/","title":{"rendered":"Accueil"},"content":{"rendered":"\n<div class=\"wp-block-cover has-vivid-cyan-blue-background-color has-background-dim has-custom-content-position is-position-top-center\" style=\"min-height:108px;aspect-ratio:unset;\"><div class=\"wp-block-cover__inner-container is-layout-flow wp-block-cover-is-layout-flow\">\n<p class=\"has-text-align-center has-large-font-size\">Bienvenue chez Gr(H)andi-ose !<\/p>\n<\/div><\/div>\n\n\n\n<p>Bienvenue chez nous,<\/p>\n\n\n\n<p>Gr(h)andi-ose est une association qui a pour but d&rsquo;aider les personnes victimes d&rsquo;accident de travail ou de la vie et qui sont en difficult\u00e9s avec des institutions, telles que CPAM, MDPH.<\/p>\n\n\n\n<p>Nous vous accompagnons dans toutes les d\u00e9marches administratives, tout en vous laissant \u00e0 la ma\u00eetrise de votre projet.<\/p>\n\n\n\n<p>Si vous souhaitez plus de renseignements contactez nous : contact@grhandi-ose.fr<\/p>\n\n\n\n<figure class=\"wp-block-image size-full is-resized\"><img loading=\"lazy\" decoding=\"async\" src=\"http:\/\/grhandi-ose.fr\/wp-content\/uploads\/2021\/12\/LOGO-GRHANDIOSE.png\" alt=\"\" class=\"wp-image-6\" width=\"89\" height=\"73\" srcset=\"https:\/\/grhandi-ose.fr\/wp-content\/uploads\/2021\/12\/LOGO-GRHANDIOSE.png 280w, https:\/\/grhandi-ose.fr\/wp-content\/uploads\/2021\/12\/LOGO-GRHANDIOSE-230x189.png 230w\" sizes=\"auto, (max-width: 89px) 100vw, 89px\" \/><\/figure>\n\n\n\n<p><\/p>\n","protected":false},"excerpt":{"rendered":"<p>Bienvenue chez nous, Gr(h)andi-ose est une association qui a pour but d&rsquo;aider [&hellip;]<\/p>\n","protected":false},"author":1,"featured_media":0,"parent":0,"menu_order":0,"comment_status":"closed","ping_status":"open","template":"","meta":{"footnotes":""},"class_list":["post-2","page","type-page","status-publish","hentry"],"_links":{"self":[{"href":"https:\/\/grhandi-ose.fr\/index.php\/wp-json\/wp\/v2\/pages\/2","targetHints":{"allow":["GET"]}}],"collection":[{"href":"https:\/\/grhandi-ose.fr\/index.php\/wp-json\/wp\/v2\/pages"}],"about":[{"href":"https:\/\/grhandi-ose.fr\/index.php\/wp-json\/wp\/v2\/types\/page"}],"author":[{"embeddable":true,"href":"https:\/\/grhandi-ose.fr\/index.php\/wp-json\/wp\/v2\/users\/1"}],"replies":[{"embeddable":true,"href":"https:\/\/grhandi-ose.fr\/index.php\/wp-json\/wp\/v2\/comments?post=2"}],"version-history":[{"count":1,"href":"https:\/\/grhandi-ose.fr\/index.php\/wp-json\/wp\/v2\/pages\/2\/revisions"}],"predecessor-version":[{"id":15,"href":"https:\/\/grhandi-ose.fr\/index.php\/wp-json\/wp\/v2\/pages\/2\/revisions\/15"}],"wp:attachment":[{"href":"https:\/\/grhandi-ose.fr\/index.php\/wp-json\/wp\/v2\/media?parent=2"}],"curies":[{"name":"wp","href":"https:\/\/api.w.org\/{rel}","templated":true}]}}